?
17
Calculate the remainder when 2520572 is divided by 51.
50
Calculate the remainder when 3841719 is divided by 48.
39
What is the remainder when 1831982 is divided by 7241?
9
Calculate the remainder when 57795 is divided by 14407.
167
What is the remainder when 25942251 is divided by 239?
235
What is the remainder when 30152 is divided by 3344?
56
Calculate the remainder when 139663117 is divided by 10249.
10243
What is the remainder when 676051412 is divided by 13?
10
What is the remainder when 12882361 is divided by 14172?
13
What is the remainder when 11035673 is divided by 181?
103
What is the remainder when 6303646 is divided by 1260714?
76
What is the remainder when 72753 is divided by 17?
10
What is the remainder when 997724 is divided by 47?
8
What is the remainder when 1315385 is divided by 382?
159
Calculate the remainder when 199904 is divided by 2290.
674
What is the remainder when 254244 is divided by 3631?
74
Calculate the remainder when 12952986 is divided by 198.
24
What is the remainder when 514057 is divided by 1378?
63
What is the remainder when 89602 is divided by 14744?
1138
Calculate the remainder when 1176693 is divided by 392199.
96
Calculate the remainder when 1881431 is divided by 7837.
551
What is the remainder when 6228567 is divided by 248?
47
What is the remainder when 28841 is divided by 26037?
2804
Calculate the remainder when 22605262 is divided by 134.
132
What is the remainder when 23700217 is divided by 1327?
1324
Calculate the remainder when 59010 is divided by 440.
50
What is the remainder when 732743 is divided by 21532?
655
What is the remainder when 85136 is divided by 301?
254
What is the remainder when 4826237 is divided by 2970?
2957
What is the remainder when 1527415 is divided by 196?
183
Calculate the remainder when 22584 is divided by 1590.
324
Calculate the remainder when 17419178 is divided by 348383.
28
What is the remainder when 5167325 is divided by 645908?
61
Calculate the remainder when 67373242 is divided by 17.
15
Calculate the remainder when 189467 is divided by 63149.
20
What is the remainder when 1000111 is divided by 141?
139
What is the remainder when 654952 is divided by 2237?
1748
What is the remainder when 251717 is divided by 83804?
305
What is the remainder when 45716614 is divided by 639?
637
Calculate the remainder when 5278530 is divided by 4111.
6
Calculate the remainder when 24852096 is divided by 182736.
0
Calculate the remainder when 353048 is divided by 69195.
7073
Calculate the remainder when 105406712 is divided by 2693.
2692
What is the remainder when 345745572 is divided by 25?
22
What is the remainder when 1211041577 is divided by 238?
235
What is the remainder when 41645025 is divided by 223?
221
Calculate the remainder when 440167 is divided by 10236.
19
Calculate the remainder when 40234062 is divided by 6187.
1
Calculate the remainder when 26311 is divided by 1878.
19
What is the remainder when 448633 is divided by 5282?
4945
Calculate the remainder when 5225834 is divided by 5225816.
18
Calculate the remainder when 4133998 is divided by 98428.
22
Calculate the remainder when 921319 is divided by 921314.
5
What is the remainder when 58471 is divided by 56419?
2052
Calculate the remainder when 500298 is divided by 27794.
6
What is the remainder when 349376 is divided by 889?
888
What is the remainder when 2445301 is divided by 1222635?
31
What is the remainder when 419857 is divided by 19990?
67
Calculate the remainder when 316117 is divided by 11288.
53
What is the remainder when 231339 is divided by 35?
24
Calculate the remainder when 35633 is divided by 1979.
11
What is the remainder when 125589190 is divided by 821?
820
What is the remainder when 2445888 is divided by 2314?
2304
Calculate the remainder when 1046816 is divided by 27.
26
Calculate the remainder when 3833314 is divided by 111.
40
Calculate the remainder when 23884781 is divided by 88.
85
Calculate the remainder when 4874554 is divided by 8783.
8772
What is the remainder when 26226678 is divided by 18?
12
What is the remainder when 980449 is divided by 7539?
379
What is the remainder when 7804396 is divided by 7?
5
Calculate the remainder when 1096098 is divided by 219137.
413
Calculate the remainder when 546466 is divided by 329.
326
What is the remainder when 31238018 is divided by 91?
84
What is the remainder when 78703 is divided by 226?
55
What is the remainder when 961943 is divided by 1749?
1742
What is the remainder when 56238 is divided by 18739?
21
Calculate the remainder when 68524 is divided by 506.
214
Calculate the remainder when 82980 is divided by 542.
54
What is the remainder when 543772421 is divided by 4504?
4501
Calculate the remainder when 456251 is divided by 491.
112
Calculate the remainder when 13234865 is divided by 245090.
5
Calculate the remainder when 167700 is divided by 2021.
1978
Calculate the remainder when 9555321 is divided by 1592550.
21
What is the remainder when 102433537 is divided by 1319?
1316
What is the remainder when 506848 is divided by 181?
48
Calculate the remainder when 10011819 is divided by 175645.
54
What is the remainder when 1752169 is divided by 438020?
89
What is the remainder when 18205 is divided by 1612?
473
What is the remainder when 1496010 is divided by 655?
645
What is the remainder when 436788 is divided by 1409?
1407
Calculate the remainder when 2525475 is divided by 173.
21
Calculate the remainder when 2021037 is divided by 398.
391
What is the remainder when 40178032 is divided by 23?
22
Calculate the remainder when 239766934 is divided by 80.
54
Calculate the remainder when 1416172 is divided by 1193.
81
Calculate the remainder when 75125749 is divided by 7470.
7429
What is the remainder when 1311736 is divided by 187385?
41
Calculate the remainder when 378260 is divided by 661.
168
Calculate the remainder when 13316314 is divided by 3329056.
90
What is the remainder when 250181 is divided by 1831?
1165
Calculate the remainder when 6285093 is divided by 2309.
2304
Calculate the remainder when 47330672 is divided by 13.
12
Calculate the remainder when 103141809 is divided by 17190298.
21
Calculate the remainder when 50822 is divided by 706.
696
Calculate the remainder when 137945 is divided by 2508.
5
What is the remainder when 1108351 is divided by 1108324?
27
What is the remainder when 112189 is divided by 6599?
6
Calculate the remainder when 796195 is divided by 264922.
1429
What is the remainder when 24891427 is divided by 164?
163
What is the remainder when 3335640 is divided by 1667475?
690
Calculate the remainder when 280306 is divided by 12738.
70
What is the remainder when 225992 is divided by 4346?
0
What is the remainder when 66063875 is divided by 109?
65
What is the remainder when 2184247 is divided by 2654?
5
Calculate the remainder when 515893 is divided by 10686.
2965
What is the remainder when 3705051 is divided by 3311?
42
Calculate the remainder when 1699563 is divided by 2377.
8
Calculate the remainder when 246114994 is divided by 1902.
1900
Calculate the remainder when 121411 is divided by 241.
188
What is the remainder when 256458 is divided by 533?
85
What is the remainder when 1150521 is divided by 5612?
61
Calculate the remainder when 338245 is divided by 4124.
77
What is the remainder when 5045189 is divided by 14456?
45
What is the remainder when 304353 is divided by 4058?
3
What is the remainder when 886371 is divided by 88634?
31
Calculate the remainder when 2722215 is divided by 80065.
5
What is the remainder when 13015077 is divided by 390?
387
What is the remainder when 425020 is divided by 13807?
10810
Calculate the remainder when 4162625 is divided by 3865.
20
Calculate the remainder when 52540 is divided by 1.
0
Calculate the remainder when 11845 is divided by 4831.
2183
Calculate the remainder when 1006440 is divided by 4493.
8
What is the remainder when 6341145 is divided by 12941?
55
What is the remainder when 5353613 is divided by 2097?
2069
Calculate the remainder when 5538456 is divided by 923072.
24
Calculate the remainder when 17815824 is divided by 5938603.
15
Calculate the remainder when 15231 is divided by 878.
305
Calculate the remainder when 10778063 is divided by 257.
254
Cal